 = 61 - j. Calculate the highest common factor of 18 and b.
9
Suppose -4*y + 24 = -28. Calculate the greatest common factor of y and 91.
13
Suppose -7*v - 4*u = -4*v - 24, 2*u = -3*v + 30. Let c = -34 + 106. Calculate the highest common divisor of c and v.
12
Let u(w) = 48*w**2 - 3*w + 2. Let m be u(-2). Calculate the greatest common factor of 25 and m.
25
Let w = -26 + 38. Let h be (-2)/w - (-39)/18. Calculate the highest common factor of h and 1.
1
Suppose -54 = -3*w + 66. What is the greatest common factor of w and 8?
8
Suppose 5*u + 50 = 5*a, a + u - 14 = -2*a. Let c(p) = -4*p**2 + p - 1. Let y be c(1). Let h be 1752/42 - y/14. What is the greatest common divisor of h and a?
6
Let p(c) = 2*c**2 + 2*c. Let o be p(5). Calculate the greatest common divisor of o and 20.
20
Let o(v) be the second derivative of 5*v**4/3 - v**3/6 + v**2/2 - 2*v. Let u be o(1). Calculate the highest common factor of u and 160.
20
Let n be -2 + 4 - (3 + 2). Let c be 56 - (1 + n + 2). What is the highest common divisor of c and 7?
7
Suppose -5*l - 5*c = 7 - 2, 4*l + 7 = -5*c. Let b(k) = -3*k**2 + k - 1. Let g be b(l). Let o = 20 + g. What is the greatest common divisor of o and 9?
9
Suppose 3*x + 120 = 9*x. Calculate the highest common factor of 30 and x.
10
Let g = -4 - -15. Let j = g - 7. Calculate the highest common factor of j and 12.
4
Suppose -5*f - 140 = -2*w, -5*f - 4*w - 139 - 1 = 0. Let b be (f - 1 - -4)*-1. What is the highest common divisor of 5 and b?
5
Suppose -3*s - 7 = -19. Let z = s - 3. Let q be 1/10*-2*-5. Calculate the highest common divisor of z and q.
1
Suppose 1 + 11 = 2*z. Suppose -w = -z*w - 60. Let h = w + 61. Calculate the highest common factor of h and 7.
7
Suppose -7*b - 10 = -73. Calculate the highest common factor of 9 and b.
9
Let m = 8 + 5. Let y(x) = -x**2 + 5*x - 4. Let s be y(4). Suppose s = -2*h + 27 + 51. What is the greatest common divisor of h and m?
13
Suppose 3*u + 267 = 2*r, 3*r = -3*u + 2*u + 373. What is the highest common divisor of r and 14?
14
Let d be ((-108)/4)/((1 - 0)*-1). What is the highest common divisor of 216 and d?
27
Let p be 16*3/(5 - 2). Let d be (p/6 - -3)*12. Calculate the greatest common factor of d and 17.
17
Let b(q) = -4*q - 1. Let l be b(-2). Suppose -3*m + l*m + 168 = 0. Let h be 1/(-7) - 384/m. What is the highest common factor of 18 and h?
9
Suppose 0 = -u - 6 + 11. Suppose 2*o - 3*s = 32, -u*o + s + 54 = -0*o. Let g be -1 + (-182)/(4/(-2)). What is the highest common divisor of g and o?
10
Let y(i) = 5*i**3 - 3*i**2 + 3*i. Let o be (-1)/(-5) + 72/15. Suppose -o*t = -8*t + 9. Let h be y(t). What is the highest common divisor of h and 13?
13
Suppose 0 = -b - 2*v - 2 - 0, -47 = 4*b - 5*v. Let u = b - -19. What is the greatest common factor of u and 88?
11
Let b be (-89)/(-2) - 1/2. Suppose -u + 2 + 9 = 0. What is the greatest common factor of b and u?
11
Suppose -5*v + 49 = -6. Calculate the greatest common divisor of v and 33.
11
Suppose 3*h = h + 76. What is the greatest common factor of h and 19?
19
Let c be 2 - ((0 - 3) + -35). Suppose -j + c = -0*j. Suppose 9 = 2*x - 3*w - 4, 2*w - 34 = -4*x. Calculate the greatest common factor of x and j.
8
Let y(p) = p**2 + 9*p + 5. Let x be y(-10). Let u = x - 4. Let f = u + -9. Calculate the greatest common factor of 18 and f.
2
Suppose 5*y + 64 = -36. Let v = y - -35. Calculate the highest common factor of v and 15.
15
Suppose -268 = 5*c + 37. Let u = c + 101. Calculate the greatest common divisor of u and 5.
5
Let h be 172 - -7 - (1 + 2). Suppose 4*l - 3*b = 176, h = 4*l - 0*l + b. Let p = l + -30. Calculate the greatest common divisor of p and 112.
14
Suppose -z = -6*z + 110. Let c be (-2)/6 + 931/21. Calculate the greatest common divisor of z and c.
22
Let a = -43 - -60. Calculate the greatest common divisor of 1 and a.
1
Suppose -3*p = -51 + 12. Let d = p + -4. Calculate the greatest common factor of 72 and d.
9
Let i = -10 - 14. Let f = -12 - i. Let y(p) = p**3 + 6*p**2 + 6. Let m be y(-6). Calculate the highest common factor of m and f.
6
Let j be (0 - 12)*(-14)/28. What is the greatest common factor of j and 2?
2
Let i be -2*28/(-1) - 0. What is the greatest common factor of i and 14?
14
Let p be 3/(-6) - 801/(-18). Suppose 2*y = -3*l + 14, -y - 10 = -5*y + 3*l. What is the highest common divisor of y and p?
4
Suppose 0 = 2*k - 3*k. Suppose k = 3*a - 2 - 13. Let d = 13 + a. Calculate the highest common factor of d and 90.
18
Suppose 6*f - 267 = -5*y + 2*f, 5*f = -4*y + 219. What is the highest common divisor of 68 and y?
17
Let z(h) = -3*h - 3. Let f be z(-6). Let w(n) = 3*n + 29. Let l be w(-8). Calculate the greatest common divisor of l and f.
5
Suppose 293 = 5*l - 127. Calculate the highest common divisor of l and 42.
42
Let c = -4 + 8. Let p(i) = 2*i + 6. Let u be p(-4). Let z be (-2)/u*8 + -2. Calculate the greatest common factor of c and z.
2
Let m(w) = -6*w + 6. Let h be m(-4). What is the highest common factor of h and 40?
10
Suppose 3*c = 3 + 3. Suppose 0 = b - k + 7, c*b - 3*k + 16 = -2. Let t = b - -25. What is the greatest common divisor of t and 33?
11
Let d(i) = -i**3 - 3*i**2 - i + 2. Let k be d(-3). Let j = k - 2. What is the highest common divisor of 15 and j?
3
Let g = -7 + 11. Suppose -g*z + 4*r = -24, 5*z + r - 4 = z. Suppose -4*j + 4 = 4*u, -5 = z*u + 1. Calculate the highest common divisor of 32 and j.
4
Let d be (-112)/(-2) + (-1 - 0). Let k(z) = -z**2 - 10*z + 16. Let v be k(-11). Let p be 108/v + 14/35. What is the greatest common factor of d and p?
11
Let m(u) be the first derivative of 2*u**3 + u**2/2 - u - 1. Let o be m(3). What is the highest common divisor of o and 14?
14
Let s be 8/(-20) + (-13)/5. Let v = 0 - s. Calculate the highest common divisor of v and 1.
1
Suppose 0 = j - 2*j. Suppose -2*w - 11 + 5 = j. Let f be 13/w*(-3 + 0). Calculate the greatest common divisor of f and 52.
13
Suppose -u + q = -25, -3*u - 5*q + 29 = -u. Let h(p) = 3*p + 55. Let y be h(0). What is the highest common divisor of y and u?
11
Let w(f) = -f**2 + 8*f - 5. Let i be w(7). What is the highest common factor of i and 6?
2
Suppose 6*v - 10*v = -16. What is the highest common factor of 4 and v?
4
Let u(r) = -144*r. Let m be u(-1). Let k(j) = j**3 - 5*j**2 - 2*j - 8. Let w be k(6). Calculate the greatest common factor of w and m.
16
Let u = 22 - 16. Suppose -5*x = -2*x - u. Suppose -109 = -4*v - 21. What is the highest common factor of v and x?
2
Let m(w) = w**2 + 3*w + 2. Let s be m(-3). Let b be 9/1 - (s + 0). Let f = -28 - -56. What is the highest common factor of f and b?
7
Suppose 0 = 4*v + 5*w - 0 - 4, -2*v + 20 = -2*w. Let h = 20 - v. Let l be 2 - 2 - (-112)/1. What is the highest common factor of l and h?
14
Let c = 194 + -191. Let s be (-4)/6 - (-202)/6. What is the greatest common divisor of c and s?
3
Let l = -6 - -12. Let d be 22 + (-2)/(-2 - 0). Suppose -u + d + 31 = 0. Calculate the greatest common factor of u and l.
6
Suppose -8 = -4*h - 4*j, -2*h - j = -6*j + 10. Suppose h*a - 2*a + 18 = 0. Let n = a + -1. What is the greatest common divisor of n and 32?
8
Let k = -3 + 6. Suppose -k*y - 4*c = 3, -4*c + 3 = 5*y - 0*c. Let j(d) = 7*d**2 + 2*d + 1. Let w be j(-1). What is the greatest common divisor of y and w?
3
Let o be 10/25 - 456/(-10). Calculate the highest common factor of 69 and o.
23
Suppose -5 = -p - 4. What is the highest common factor of 5 and p?
1
Suppose 296 = 15*i - 7*i. Calculate the highest common factor of 259 and i.
37
Suppose -16*s - 490 = -23*s. Let n(c) = -c**3 - c**2 + 5*c + 4. Let a be 3/(-4)*2*2. Let g be n(a). Calculate the highest common divisor of g and s.
7
Suppose -3*s + 20 = 2*s. Let u = 7 - s. Suppose u*y = y + 34. Calculate the highest common factor of 85 and y.
17
Suppose 0*z + 4*z + 3*f = 178, 0 = 3*z + 2*f - 134. Calculate the greatest common factor of z and 23.
23
Let n(f) = -f**3 + 16*f**2 + 2*f + 1. Let m be n(16). What is the greatest common factor of 66 and m?
33
Suppose 2*z - 140 = -4*n, -2*z - 5*n + 188 = 46. Let s = z + -45. Calculate the greatest common divisor of 189 and s.
21
Suppose 4*v - 256 - 404 = 0. Let r = -96 + 143. Let m = r - 32. What is the highest common factor of m and v?
15
Let w = -311 - -459. Calculate the highest common factor of 37 and w.
37
Let k = 13 - 3. L